-145 - 7)
-35
Calculate 37 - (-74 + 91) - 49.
-29
What is the value of 40 + -50 + 16 + (-71 - 0)?
-65
What is the value of -5 - (-5 + -3 + 6) - (-9 - -14) - -42?
34
What is (245 - 310) + (-2 - -4) + (-3 - -14) + -4?
-56
Evaluate -81 + 203 + -114 + -15.
-7
15 + -30 - (-15 + (3 - (-21 + 15)))
-9
-1 + (5 - (-5 - -6)) - (1 + 61)
-59
What is 104 + (18 - (38 - 14)) - -5 - 4?
99
Evaluate -35 - -58 - (-5 - (-19 + 4)).
13
What is the value of (22 - 6) + (18 - 20) - (-4 + -2)?
20
8 + -30 + 36 + -6 + -8 + 0
0
-186 + 38 + 109 + -1 + 22
-18
Evaluate -3 + (71 - -2) + -5 + -2 + 10 + 1.
74
Evaluate -2 - ((1965 - 1980) + (0 - 34)).
47
What is (-105 - -190) + 14 + -55?
44
What is the value of (84 - -33) + -125 + 44 + 0?
36
Calculate 6 - ((-88 - -13) + 5 - -14 - -9).
53
41 + -56 + (-2 - -2) - -19 - -9
13
(4 - -2) + (1657 - 1662)
1
Evaluate -20 - -30 - (19 + -2 + -10 + 11) - -54.
46
-42 - (-2 - (0 + 3) - ((-1 - 19) + 3))
-54
What is -57 - (109 + -52 - 76)?
-38
What is 31 + -64 + (32 - -13) - (0 + 62)?
-50
What is the value of 5 + -11 + 117 + -146?
-35
What is the value of -979 + 999 + (-3 - -44 - -1)?
62
Calculate 56 - (46 - (-3 + 51 + 4)).
62
Calculate -1 - -7 - (55 + (-28 - 1) + 387 + -357).
-50
Evaluate (-2 - 109) + 939 + -857.
-29
-1 - (77 + -17 - -19)
-80
What is (22 - (-26 - -47) - (9 + -1 + 2)) + 19?
10
What is the value of -20 + (19 - (3 + 9 - 10))?
-3
Evaluate ((0 - (-2 + -11)) + -1 + -11 - 3) + 64.
62
Evaluate 0 + -2 + -1 + -56.
-59
What is -1029 + 1126 - (11 + -4)?
90
Evaluate 4 + -2 + -2 + (-25 - -22) + (7 - 40).
-36
What is the value of 65 + -33 + -9 + 11 + -26 - (0 + -12)?
20
What is the value of -145 - (-14 - 86) - (12 + -7)?
-50
What is the value of 176 - (-76 + 140 - -16)?
96
Evaluate 0 + (-17 - -27) + 45.
55
Calculate 0 + 1 + 1 + -2 - (205 + -187).
-18
What is (72 + -55 - (9 - -21)) + 5?
-8
What is the value of (20 - 8) + (-95 - (11 + -14 + 7) - -12)?
-75
What is (81 - 73) + 13 + -12?
9
Evaluate 1 + -1 - ((0 - 23) + 4) - (-5 + -1).
25
Evaluate ((88 - (14 + -29)) + 5 - 15) + (2 - 4).
91
Calculate -8 - (5 + 36) - 7 - (0 - 19).
-37
What is 161 + (24 - (196 + -69))?
58
(103 - 123) + 43 + 14
37
What is the value of 3 + -21 - (-19 - (24 - 33)) - 26?
-34
What is 5 + (10 - ((-15 - 6) + 52))?
-16
What is the value of -14 - (4 + -8 - -6) - (-3 + (28 - 29))?
-12
12 + -62 - -5 - -77
32
Calculate (7 - -5) + (39 - 34).
17
-30 + (83 - (-9 + -22 + 19))
65
(-116 + 81 - -39) + -74 + 3 + -2
-69
Evaluate 15 + 9 + (-15 - (-22 + (8 - -6))).
17
Evaluate 69 + -138 + (13 - (-11 - -19 - 0)).
-64
Calculate -7 + (-59 + 34 - -30 - (-86 - 1) - 7).
78
0 - 17 - ((-2 - 5) + (-16 - (-27 + 7)))
-14
(23 + -29 + -80 - -41) + (6 - 1)
-40
Calculate 6 + (-119 - 6 - ((-3 - -6) + 12)).
-134
What is the value of (-11 - (4 - 34)) + -38 - 24?
-43
1 - -76 - ((0 - -14) + (-87 - -40) + 32)
78
What is 25 + 155 + (-69 - 73)?
38
Calculate -69 + (12 - -27) + 13 - (-47 + 1).
29
What is the value of 26 - (-28 + (35 - (3 - -54)))?
76
What is -7 + 151 + -103 - 148?
-107
Evaluate -11 - (-18 + (-48 - -13)).
42
What is the value of 9 - -1 - ((8 - -182) + -120)?
-60
What is the value of -191 - (-140 + -177) - (2 + 32)?
92
Evaluate (-9 - 6) + -8 - 12.
-35
What is (12 - (-46 + (37 - -159))) + 33?
-105
(33 + -3 - -3) + -7992 + 8047
88
Calculate (1 - 1) + 21 + 30 + -6.
45
Evaluate ((17 - (29 - 7)) + 7 - -8) + 77 + -2.
85
What is (-2 - 0) + 8 + (-136 + 3 - -142)?
15
What is the value of -85 + 10 + (34 - -2 - 12) + -9?
-60
Evaluate (143 + -178 - (-95 + 1)) + 9.
68
What is the value of (-11 + (0 - (-3 + -7)) - (3 - 94)) + -1?
89
Calculate 121 - (121 + -66) - 0.
66
Evaluate -10 - -1 - (9 + -21) - 10 - (-55 + 1).
47
What is the value of 86 + -103 + 5 - (0 - 10 - 1)?
-1
Evaluate -1 + 140 - (46 + -6 + -52 + -43 + 68).
126
-17 - -8 - (-23 + (8 - (3 + 2)) + -5)
16
What is -38 + (-18 - -22 - 12) + 27?
-19
What is the value of -44 - (3 + (7 - (-4 + -5 + 17)) + 7)?
-53
Calculate (54 - (-64 + 64)) + ((0 - -2) + -2 - 6).
48
Calculate 16 + 17 + -25 + -32.
-24
What is -27 + -100 + 126 - 105?
-106
Evaluate 5 - (17 + -8) - ((-29 - -21) + -8).
12
Evaluate 6 - (-13 + 31) - -3 - (1 + 43).
-53
(10 - ((-15 - -9) + 2) - -6) + 6
26
What is the value of -2 + -19 + 101 + 0 + -33?
47
Evaluate -21 - 8 - (23 + -15).
-37
Evaluate -59 - 1 - ((-4 - 6) + (-16 - -7 - -10)).
-51
Calculate -30 + -7 - (-6 - (10 - 19 - (-5 + 1))).
-36
Calculate -55 + 4 + 34 + 23.
6
(59 - 74) + 72 + 36
93
What is the value of 6083 - 6061 - (-2 + -16 + -2)?
42
4 + 3 + (-15 - (36 - 10))
-34
What is (47 + -68 - (4 - 6)) + 8 - 95?
-106
Calculate -1 + -10 - (0 - 0) - (338 - 405).
56
What is (1 - (110 - 48)) + 15?
-46
Calculate 3 + (2 - (-51 - -17) - -49).
88
Evaluate 2 - 62 - 56 - -161.
45
Evaluate 1606 - 1589 - (5 + 10 + -5).
7
Calculate 57 + -39 + -41 + (7 - -16).
0
What is 37 + -14 + (10 - (-2 - -2) - (-333 + 343))?
23
Evaluate (27 - -4) + -14 + -68 + -17 + 34.
-34
Evaluate -11 + 1 + (-17 - (-9 - -13)).
-31
What is -127 + 117 + -23 + 26 + (0 - (-61 + 0))?
54
-4 + -54 + -93 + 96
-55
-171 + 3 + (-828 - -908)
-88
Calculate -32 + (47 - -86) - 82.
19
59 + 8 + -27 + -10
30
What is (-60 + -36 + -20 - 3) + 22?
-97
Calculate (67 - (-13 + 21 + 1)) + 11 + -7.
62
What is the value of (33 - 0 - (23 - (84 - 52))) + 6?
48
What is 5 + (-60 - (22 + (-8 - 39)))?
-30
What is 9 + 1 + (-1 + 31 - (7 - (-20 + 35)))?
48
Evaluate 0 + 0 - -2 - (16 + (-5 - -22) - 22).
-9
What is -12 + 30 + -20 + 30 + -16?
12
Evaluate (-315 + 324 - (16 - 0)) + (-1 - 1) + 93.
84
66 - 4 - (12 - (-58 + 60))
52
Evaluate -19 + (-23 - ((7 - 145) + -9) - -19).
124
What is (52 - (41 + -18)) + -4 + -3?
22
Evaluate 90 + (80 + -150 - -55).
75
-10 + 22 + -6 + 0 - (10 - -62)
-66
What is the value of -20 + 6 + (27 - (7 - 1))?
7
What is 9 + 2 + -2 - (6499 + -6445)?
-45
-124 + 197 - (-3 + (3 - (6 - 15)) + -5)
69
Evaluate 68 + (32 - (71 - 37)).
66
What is 2 + -24 + -20 + (40 + -57 - -38)?
-21
What is the value of 70 - ((-12 - 1 - 0) + -68 + (-135 - -215))?
71
Calculate -1 + 2 + -31 + (9 - -38).
17
What is the value of 3459 + -3609 - (-54 - 4)?
-92
(-37 - 68) + 77 + -15
-43
What is the value of -103 - 47 - -209 - -69?
128
What is the value of -25 + 68 + -39 - (-13 + (-1 - -5 - 4))?
17
What is (-15 - -1) + (-60 + 139 - 69) + 28?
24
Evaluate -4 - (57 - 45) - -36.
20
Calculate -1 + (3 - (1 - 4)) - (1820 + -1899).
84
Evaluate (6 - (-4 + 10)) + (36 - 94) + -65.
-123
1 - (-27 + 13 - -12) - (-14 + 7)
10
What is the value of (37 - (-53 + 82)) + (12 - 1)?
19
(87 - 35 - 21) + -2 + (-4 - (0 - -2))
23
Evaluate 0 + 44 - 29 - (-148 - -6).
157
What is (6 - 12) + -5 + -572 + 582?
-1
Evaluate 125 - (14 - ((23 - 5) + -12 + -5)).
112
Calculate 0 + -1 + -6 - (-80 - (-102 - -19 - -48)).
38
2 + -5 + -36 + 29 + (4 - (-33 + -1))
28
What is (-25 - (-5 - 33) - (-2 + 4)) + 2 + -2?
11
What is -11 + (-99 - -96) + 60?
46
Calculate (20 - (-2 - (2 - 7))) + (25 + 117 - 152).
7
Calculate 35 + 2 + -43 + 93 + 29.
116
What is (2 - -18) + -19 + 10?
11
Evaluate -2 + -52 + -2528 + 2588.
6
-13 + (5 - (-6 - -12 - 6)) + (-129 - -150)
13
Calculate -1 + (-17 - (-1 - -2)) - (-183 + (-239 - -433)).
-30
What is (-9 - 10) + (2 - -2) + -11?
-26
Evaluate 7 + (-2 - -1) - (34 - 23 - 21).
16
What is the value of (0 - -7) + 0 + -3 + -17 + 27 + -49?
-35
Evaluate 1 + -1 + 10 + (-107 + 89 - -76 - 93).
-25
(-25 - (24 - 10)) + -21
-60
What is the value of (-43 - -25) + (-66 - -45)?
-39
What is (1489 - 1589) + (0 + 0 - -10)?
-90
Calculate -11 + -14 + 12 + (30 - (-3 + -11)).
31
-15 - -2 - (7 - (7 + -18 + 13))
-18
What is the value of (9 + 9 + 1 - 12) + 17?
24
What is the value of 290 + -222 - (6 + 1 + -26 - -8)?
79
(-198 - (-140 + 107)) + 131
-34
What is the value of -2224 + 2248 - (5 - 2)?
21
What is the value of -132 + 148 + -2 + -141 + -1 + 6?
-122
(-63 - -86) + (-83 - -3) + -4
-61
Evaluate 32 - ((71 - 88) + 1 + 1).
47
What is (7 - (12 + -13)) + (-85 - (8 - 12)) - -13?
-60
Evaluate 248 + -326 - (8 + 1 + 5).
-92
What is (3 + -6 + 2 + 2 - 10) + (1 - 60)?
-68
What is (-21 - -6 - -3) + 24 + -19 + -37?
-44
What is -39 + (4 - (-49 - -40))?
-26
Calculate -18 + (-22 - -33 - 23) + (17 - 1).
-14
24 - ((29 - 3) + -637 + 629)
6
What is the value of 60 + -37 + 21 + -10?
34
Calculate 21 - (-8 + -5 + 17 + 2).
15
What is the value of -17 - 1 - (437 + -461 - (-69 + 0))?
-63
Evaluate -9 + 17 + (0 -